2*i(k) - 3*z(k). Calculate the remainder when u(5) is divided by (3*-6)/(-2 + 1).
17
Let j = -40 - -93. Let i = j + -31. Calculate the remainder when 36 is divided by i.
14
Let w = -30 + 15. Let t be 5 + (-5)/(w/(-9)). What is the remainder when 11 is divided by ((1 - t)*3)/(-1)?
2
Suppose 3*v - 312 = 3*l, 4*v - 4*l - 517 = -v. What is the remainder when v is divided by 6?
5
Let b = -153 + 160. Let z be ((-2)/(-4))/(1/10). Suppose 7*a = 2*r + 2*a - 13, -4*r + 51 = -z*a. Calculate the remainder when r is divided by b.
5
Let a be -52 + 0/(-3 + 0/3). Let j = 131 + a. Suppose 95 = 5*y - 4*r - 9, 3*r + 3 = 0. Calculate the remainder when j is divided by y.
19
Calculate the remainder when 52 is divided by (-225)/(-75) + (-1 + -2 - -3).
1
Let r(v) = 4*v - 7. Let l be r(-4). Let x = l - -39. Let f(y) = -y + 61. Calculate the remainder when f(0) is divided by x.
13
Suppose -5*a = 17 - 287. Suppose 2*b = 5*z + b - 140, -2*b + 112 = 4*z. What is the remainder when a is divided by z?
26
Let n = 5011 - 4978. What is the remainder when (-3)/(166/172 + -1) is divided by n?
20
Suppose 13*r = 312 + 4472. Calculate the remainder when r is divided by 41.
40
Let y(x) = 2*x + 685. What is the remainder when y(16) is divided by 72?
69
Suppose -9*f - 2*y = -8*f - 743, 4*y = -3*f + 2231. What is the remainder when f is divided by 34?
31
Let m = 3 - 1. Suppose -o = m*o - 21. What is the remainder when o is divided by 4?
3
What is the remainder when 195 is divided by (116 + 129)*(-4)/(-10)?
97
Suppose -3*w + 0 = -2*f - 4, 0 = 3*f + 5*w - 13. What is the remainder when 74 is divided by ((-133)/(-21))/(f/3)?
17
Let w = 5 + 91. Let s = w + -39. What is the remainder when s is divided by 20?
17
Suppose 4*a = 7*a + 60. Let l = a + 8. Let q = l - -40. What is the remainder when 54 is divided by q?
26
Let r = -567 - -583. Calculate the remainder when 328 is divided by r.
8
Let n be (15 - -1)/(6/30). Suppose x + 2*r = 4*x - 35, 4*r = -4*x + n. What is the remainder when 6 is divided by 10/(-25) - (-36)/x?
0
Calculate the remainder when 2 + (89 + 3)/2 is divided by ((-3)/(-6))/(1/34).
14
Suppose -66 = -5*g + 234. What is the remainder when g is divided by 23?
14
Let i be (-18)/63 - 46/(-14). Suppose -3 = -2*a + i, 4*c - 4*a = 0. Suppose 2 = c*q - 37. What is the remainder when 48 is divided by q?
9
Let q = -3011 + 3053. Calculate the remainder when q is divided by 12.
6
Let o = -506 + 513. What is the remainder when 22 is divided by o?
1
Let i(v) = v**3 + 4*v**2 + 2*v + 4. Let u be i(-3). Suppose -u*f = -3*f - 108. Calculate the remainder when f is divided by (-2 + 9)*((1 - 0) + 0).
6
Let b(a) = 9*a - 6. Let m be b(-10). Let r = m - -165. Suppose 12*n - 3*n = 162. What is the remainder when r is divided by n?
15
Suppose 4*o = 2*o. Suppose o = u - 3*u + 62. Let c = u + -21. Calculate the remainder when 37 is divided by c.
7
Let y = -1208 + 1266. Calculate the remainder when 131 is divided by y.
15
Suppose -38 = -22*b + 204. Calculate the remainder when 581 is divided by b.
9
Let w(f) be the second derivative of 7*f**3/6 + 5*f**2/2 - 19*f. Calculate the remainder when w(6) is divided by 8.
7
Suppose -16*b - 45 = -21*b. What is the remainder when 7 is divided by (14 - b) + -1 + 2?
1
Suppose -2*o - 2*o = 0. Suppose o = 4*g - 4*r - 48, -4*r = -9*r + 5. What is the remainder when g is divided by -5 + (-6 - -2) + 13?
1
Let k(f) = -7. Let x(h) = h - 29. Let w(z) = -9*k(z) + 2*x(z). Let y = 32 - 21. Calculate the remainder when 53 is divided by w(y).
26
Calculate the remainder when 46 is divided by (32/(-40))/((-5)/125).
6
Let m be 2/11 + 48/(-22). Let i = m - -9. Let d = -5 + i. Calculate the remainder when 3 is divided by d.
1
Let x(l) = -3*l - 42. Let w be x(-14). Let v be (-2)/9 + 338/(-18). Let d = w - v. Calculate the remainder when d is divided by 7.
5
Let h = 610 + -524. What is the remainder when 236 is divided by h?
64
Let a = 134 - 87. Let o = -31 + a. Let b = 644 - 601. Calculate the remainder when b is divided by o.
11
Let s be 33/(-6) - (-1)/2. Let f(a) = -a**3 - 5*a**2 - a + 5. Let v be f(s). What is the remainder when 30 is divided by v/3*(-36)/(-15)?
6
Let n = -17 + 12. Let u = 0 - -18. What is the remainder when 8 + n - (-35 + 3) is divided by u?
17
Let n(r) = r**3 + 5*r**2 - 7*r + 3. Let a(w) = w + 6 + 2*w + 3*w**2 - 4*w**2 + 2*w**2. Calculate the remainder when n(-5) is divided by a(-4).
8
Suppose 3 = -h + 8. Suppose -3 = 3*j + 3*z, -5*z + 2*z - 3 = 0. Suppose -s + 2*s - 4 = j. What is the remainder when h is divided by s?
1
Calculate the remainder when (-3)/21 + (-306000)/(-357) is divided by 5.
2
Let p = 2 - -16. Calculate the remainder when 405/6 - 1 - 10/(-4) is divided by p.
15
Let v be (-8)/(-28) + 4/(-14). Let z = 33 + v. What is the remainder when z is divided by 18?
15
Let l(g) = 2*g**2 + 19*g + 17. Let c be l(-8). Let v = c + 14. What is the remainder when v is divided by (-4)/(-14) - (-38)/14?
1
Let k be (-3 + 3)*(-1 - 0). Let f(d) = -d**2 - d + 20. What is the remainder when (197 + -1 + -1 + 1)/(2169 - 2167) is divided by f(k)?
18
Let k = 292 + -62. Calculate the remainder when 230 is divided by k.
0
Suppose 4*v - 1399 = -5*y, -14*y = 5*v - 17*y - 1721. Calculate the remainder when v is divided by 89.
79
Let k = 18 + -14. Let i(c) = -2*c + 4. Let o(n) = -n + 3. Let f(z) = -3*i(z) + 4*o(z). What is the remainder when 29 is divided by f(k)?
5
Let h = -990 + 1464. Calculate the remainder when h is divided by 53.
50
Suppose -8*d = 26*d - 714. Suppose -1 = -4*u - 5, -2*s + 85 = -5*u. Let v = s - d. Calculate the remainder when v is divided by 4.
3
Let b = 57 + 0. What is the remainder when b is divided by 31?
26
Let l(c) = -c**2 + 10*c + 15. Calculate the remainder when 309 is divided by l(4).
36
Let w = 145 + -16. Calculate the remainder when w is divided by 33.
30
Let z = 136 + -46. Suppose -z = 9*f - 819. Calculate the remainder when f is divided by 17.
13
Let w = 61 + -5. Calculate the remainder when 172 is divided by w.
4
Let u be 2*((1 - 1) + 4). Let j(q) be the first derivative of q**2 - 2*q + 94. What is the remainder when 41 is divided by j(u)?
13
Suppose 4*l + 5 - 89 = -4*q, 3*l = 3*q + 39. Let x = -217 + 385. What is the remainder when x is divided by l?
15
Let n(c) = -c + 43. What is the remainder when n(-26) is divided by 12?
9
Suppose 113 = 5*q - 2*y - 83, -q - 4*y + 48 = 0. Suppose -9*a + q = -7*a. Calculate the remainder when a is divided by 11.
9
Suppose 980 = 18*v + 746. Let p = 79 + -31. Suppose -o = -5*t + 23 + 13, 4*t + 4*o - p = 0. Calculate the remainder when v is divided by t.
5
Let t(p) = -8*p - 37. Let x be t(-6). Suppose 4*g = 5*v - 10 + 35, 0 = 2*g - v - x. What is the remainder when 32 is divided by g?
2
Let g be 23 - (0 - (-2 + 0)). Suppose 22*z - 29 = g*z. What is the remainder when 2 - 0 - z/(-1) is divided by 16?
15
Let h = 98 - 91. Suppose -5*d + 22 = h. What is the remainder when 16/(-2)*(-6)/8 is divided by d?
0
Let r(s) = 8*s**2 - 4*s + 7. Let o be r(3). Suppose 5*c - 4*i - 49 = 28, -4*c + 5*i + o = 0. What is the remainder when c is divided by 4?
1
Calculate the remainder when ((-50)/150)/(2/(-108)) is divided by 1.
0
Let d(b) = -13*b + 95. Let j(k) = k**2 - 7*k - 10. Let t be j(8). What is the remainder when d(3) is divided by t/(-2) - (-20 + 2)?
18
Calculate the remainder when 4/(-6)*-203*(-270)/(-35) is divided by 14.
8
Let p = -522 - -1455. Calculate the remainder when p is divided by 117.
114
What is the remainder when (3 - 10) + 15/(-10)*-154 is divided by 19?
15
Suppose 1 = -k - 3. Let d(l) = -5*l + 4. Calculate the remainder when 4095/(-26)*(-16)/36 is divided by d(k).
22
Let p(m) = -m**3 - 48*m**2 - 92*m + 108. What is the remainder when 862 is divided by p(-46)?
106
Suppose -15*p + 975 + 405 = 0. What is the remainder when p is divided by 16?
12
Suppose 4*o - 4*z - 115 = -o, -4*z = -3*o + 61. What is the remainder when 3 - (-9)/(o/102) is divided by 19?
18
Let t be 348/5 + 6/(-10). Suppose -v = -t - 93. Suppose -q - 2*q = -v. What is the remainder when q is divided by 14?
12
Suppose -5*d + 10 + 110 = 0. Let s = -7 + d. Suppose -2*h = -n + s, n - 5*h = -n + 30. What is the remainder when 47 is divided by n?
22
Let h(m) = 4*m**3 - 4*m**2 + m - 2. Suppose 0*k = -2*k + 30. What is the remainder when h(3) is divi